te the remainder when x is divided by o.
5
What is the remainder when 1292 is divided by (-4 + 1698/(-18))/((-10)/12)?
112
Suppose -33*z + 1261 - 568 = 0. Calculate the remainder when 1321 is divided by z.
19
Let d be 24/4*8/16. Let k = 26 - d. Suppose 65 = 4*h - 3*h. What is the remainder when h is divided by k?
19
Let l = -49 + 42. Let r(v) = -v**3 - 6*v**2 + 3*v - 16. Let o be r(l). Calculate the remainder when 107 is divided by 2/o + ((-860)/(-24) - 0).
35
Let n(f) = -f**3 - 5*f**2 + 10*f - 13. Let q be n(17). Calculate the remainder when (q/156)/(1/(-8)) is divided by 64.
62
Suppose 2743 - 695 = 32*d. What is the remainder when d is divided by 20?
4
Let k(h) = 5*h - 51. Let v be k(-21). Let y = 168 + v. Let f(z) = 5*z**2 - 3*z - 1. Calculate the remainder when f(3) is divided by y.
11
Suppose 2*f + v - 56 = -3, -4*f + 111 = 3*v. Calculate the remainder when f is divided by (630/135)/((-20)/(-12) + -1).
3
Suppose -2*a + 4*w = w - 15, -w = -a + 10. Suppose -4*t + 2109 = a*t. What is the remainder when t is divided by 28?
27
Let t = -142 - -254. Let i = -246562 + 246591. Calculate the remainder when t is divided by i.
25
Let h = -10105 - -11238. What is the remainder when h is divided by 25?
8
Suppose -4*g = 3*v - 24, -3*v + 15 = -6*g + 7*g. Suppose -86 + 22 = -v*t. What is the remainder when 206 is divided by t?
14
Let r be (-20)/(-50)*(12 + -2). Suppose 4*c = -12, -r*g + 2*c + 642 = -0*c. What is the remainder when g is divided by 11?
5
What is the remainder when 147/(-1)*94/(-30) - 21/(-15) is divided by 56?
14
Let x = 53 - 48. Suppose -x*g + 122 = -23. Suppose -f = -z - 29, 4*f + 2*z - 81 = g. Calculate the remainder when f is divided by 16.
12
What is the remainder when 3553 is divided by (-13 + 12)*(-16 - -7)?
7
Let h = 53 - 14. Let f be (-6)/(6/(-25))*1. Suppose f*t - 1434 = 1466. What is the remainder when t is divided by h?
38
Suppose -495 = 358*b - 2*b - 2987. Suppose 164 = 2*d + 16. What is the remainder when d is divided by b?
4
Let t(k) = -36*k - 2254. Calculate the remainder when 45/1*1/1 is divided by t(-63).
3
Let a = -16931 + 16977. What is the remainder when 1883 is divided by a?
43
Let u = -254 + 258. Suppose 5*w = -l + 4*w + 249, u*w = -l + 258. What is the remainder when l is divided by 50?
46
Suppose 240*p = 244*p + 3*b - 43514, -5*b - 10890 = -p. What is the remainder when p is divided by 31?
30
Suppose 733*i = 720*i + 1248. What is the remainder when i is divided by 79?
17
Let y = 10298 + -9615. What is the remainder when y is divided by 114?
113
Let t(o) = -1448*o - 3692. Calculate the remainder when t(-7) is divided by 16.
12
Calculate the remainder when 433 is divided by 95/76 - (45837/(-36))/11.
82
Let x = -41826 + 41842. Suppose 24 = 2*z - 30. What is the remainder when z is divided by x?
11
Let a(t) be the first derivative of -3*t**2 + 37*t + 24. Let v be a(24). Let x = -95 - v. Calculate the remainder when 23 is divided by x.
11
Suppose -445*p + 123474 = -295271. Calculate the remainder when 1907 is divided by p.
25
Let o(b) = -b**2 - 19*b + 6. Let v be o(-24). Let l = -78 - v. Calculate the remainder when l is divided by 20.
16
Suppose 8*m + 67 = 147. What is the remainder when 648 is divided by m?
8
Suppose 0 = -5*s + 2*o - 2765, 0 = 2*s - 2*o + 845 + 261. Let v = -379 - s. Calculate the remainder when v is divided by 16.
14
What is the remainder when 633 - 0/((-8 - -11)*(-1)/(-3)) is divided by 3?
0
Suppose 33*u - 3*u = 1200. What is the remainder when 1/(-2 + 3)*359 is divided by u?
39
Let z(c) = -20 + 5*c + 2*c**2 - c - c**2. Let h be -2*3/6*(9 - 1). What is the remainder when 22 is divided by z(h)?
10
Let l(s) = 64*s - 20. Let o be l(6). Suppose 5*j = 12*j - o. Suppose 4 = -4*q + j. Calculate the remainder when 47 is divided by q.
11
Let y = 43503 - 43447. Suppose 52 = 3*r - r. What is the remainder when y is divided by r?
4
Suppose 5*l - 61 = 44. Let n(g) = -g**2 - 205*g - 2837. What is the remainder when l is divided by n(-15)?
8
Suppose -f = -6*w - 38, 34 - 6 = f - w. Calculate the remainder when 1449 is divided by f.
19
Let s(x) = 7*x + 331. Calculate the remainder when 441 is divided by s(-26).
143
Let z(c) = 32 - 164*c**2 + 14*c**3 - 15*c**3 + 190*c**2 + c. What is the remainder when z(26) is divided by 23?
12
Suppose 0*k - 122 = -4*k + 3*f, 5*k - 5*f = 155. Suppose -k*n + 33*n = 588. Let s = -54 + n. What is the remainder when s is divided by 32?
29
Suppose -3*i - 764 = 4*c, -3*i - 766 = 3*c + 2*c. Let p = i - -271. What is the remainder when p is divided by 8?
3
Let d = 9 - 6. What is the remainder when (-1 + 17)/4 + (-120)/(-4) is divided by 19 + (3 - (d + 1))?
16
Let a(p) = -p**2 - 31*p + 100. Let z = 186 + -70. What is the remainder when z is divided by a(-33)?
14
Let a = 17109 - 17073. Calculate the remainder when 5/(-2)*-10*10 is divided by a.
34
Suppose -2*r + i = -2*i - 80, -2*i - 178 = -5*r. Suppose -r*m = -29*m. Suppose m = -4*o + 17 + 71. Calculate the remainder when 42 is divided by o.
20
Let r = -2660 + 2683. Calculate the remainder when 160 is divided by r.
22
Suppose -22*h + 241 = -309. Let r = h + -7. Calculate the remainder when r is divided by 3.
0
Let y = 20365 - 12612. Calculate the remainder when y is divided by 165.
163
Suppose -20*a + 2766 = 59*a - 1579. Calculate the remainder when 23977 is divided by a.
52
Let y(o) = o**3 + 40*o**2 + 8*o + 44. Let i be y(-40). Let q = -253 - i. Calculate the remainder when 1241 is divided by q.
22
Suppose -218*q = -21603 + 6207 - 18176. Calculate the remainder when 3687 is divided by q.
145
Let w = -215 + 194. Let z = w - -76. Calculate the remainder when 163 is divided by z.
53
Let r = -129 + 134. Suppose c - 4*m - 14 = m, 4*c - 41 = r*m. What is the remainder when 2/(-3) + (-150)/(-9) is divided by c?
7
Let h be (3/(-3) - -3)*-79. Let m = -157 - h. Suppose i - 8 + 2 = 0. What is the remainder when i is divided by m?
0
Let k = -967 - -1029. Calculate the remainder when k is divided by 5.
2
Suppose 4 = -13*z + 43. Suppose -4*y + 18 = -3*f, -3*y - 59 = 2*f + z*f. Calculate the remainder when 125 is divided by (-33)/(-5)*f*2/(-4).
26
Let g = 17 - 1. Let h(q) = q**2 - 7*q - 12. Let r be h(-9). Suppose -2*a = -5*a + r. What is the remainder when a is divided by g?
12
Let u(r) = -30*r**2 - 8 - 4*r + 63*r**2 - 32*r**2. Let a = 10 - 2. Calculate the remainder when 71 is divided by u(a).
23
Suppose 47*g + 2*g - 1207 = -22*g. What is the remainder when 751 is divided by g?
3
Let s(n) = 39 + 16*n - 26 + 10*n + 4 + 135. Calculate the remainder when 150 is divided by s(-5).
18
Let q(i) = 3*i**2 + 96*i - 350. What is the remainder when q(4) is divided by 51?
31
Suppose -400 = 27*r - 23*r. Let j = r + 164. Let i = -46 + j. Calculate the remainder when 71 is divided by i.
17
Let c be (-2406)/(-8) + (-30)/(-24). Let j be (-464)/(-6) - (-2)/3. Suppose -c + j = -7*x. What is the remainder when 62 is divided by x?
30
Let t = -626 + 658. Let g(n) = n**3 + 2*n**2 + 8*n + 8. What is the remainder when t is divided by g(0)?
0
Suppose -12*h + 14*h - 2*m - 192 = 0, -h = -4*m - 81. Calculate the remainder when h is divided by 54.
47
Suppose -6*j + x + 212 = -j, -3*j - x = -124. Suppose -7*l = -4*l - 5*g - 88, 2*l = -5*g + j. What is the remainder when 387 is divided by l?
23
Let d(w) = 152*w**2 + w - 1. What is the remainder when 1517 is divided by d(1)?
149
Let d(m) = 2*m + 29. Let q be d(-10). Suppose -27 = 3*y - 3*a, -q + 49 = -4*y + 2*a. Calculate the remainder when 10 is divided by y/(-3) + 22/(-6) + 4.
2
Suppose 8*y + 50 = 13*y. Let w(b) = b + 28. Suppose -4*j - 16 = -2*j - d, -4*d = 8. What is the remainder when w(j) is divided by y?
9
Let w(u) = 2*u**2 - 138*u + 760. Calculate the remainder when w(79) is divided by 51.
45
Let x = -50 - -47. Let o(m) = 5*m**2 + 10*m + 11. What is the remainder when 48 is divided by o(x)?
22
Suppose -101*m + 57*m + 4620 = 0. Suppose -2*o - 4 = 4*k + o, 0 = -5*k + 2*o + 18. Suppose -u - 27 = -k*u. What is the remainder when m is divided by u?
24
Let h(y) = -y**3 - 5*y**2 + 19*y + 129. What is the remainder when h(-8) is divided by 23?
8
Let o = -1037 + 549. Let i(z) = -14*z - 3. What is the remainder when (-9)/15 - (o/5 + 0) is divided by i(-2)?
22
Let l(m) = 4*m**2 - 23*m - 4. Let y(f) = 5*f**2 - 22*f - 5. Let h(w) = -3*l